 What are the prime factors of d?
2, 5, 7
Let x(t) = t - 8. Let m be x(10). Suppose s + m = 2*i, 4*s - i - 25 = -4*i. What are the prime factors of s?
2
Let q(r) = r + 7. Let h = 33 - 17. Suppose -u = -3*n + 4*u - 20, -4*n = 4*u + h. List the prime factors of q(n).
2
Let u(f) = -f**2 - 5*f - 2. Let s be u(-2). Suppose 6 = s*c - 3*i - 0, 3*c + 3*i - 15 = 0. Suppose 7 = x - c. List the prime factors of x.
2, 5
Suppose 0 = 3*m - 7*m - 8. Let l(v) = -v**3 + 3*v**2 + 4*v + 2. List the prime factors of l(m).
2, 7
Let i(x) = x**3 - 24*x**2 + 9*x - 13. List the prime factors of i(24).
7, 29
Suppose 2*z - 9 = -2*g + 5, -3*z - 5*g + 11 = 0. Let b = z + -7. List the prime factors of b.
5
Let q(w) = 9*w - 48. List the prime factors of q(20).
2, 3, 11
Suppose 2*g + 0*g - 54 = 0. List the prime factors of g.
3
Suppose 0 = x + w - 7, 3*w + 8 = -1. What are the prime factors of 94/6 - x/15?
3, 5
Let m = 1 - -5. Let k(d) = 4*d - 5. Let h be k(2). Suppose -h*v + p = 4*p, 4*v = -2*p + m. What are the prime factors of v?
3
Let f(x) = x**2 - 4*x + 5. Let y be f(5). Let o = y + -2. What are the prime factors of o?
2
Suppose -3*z - 5*o = 8, 12 = -4*o + o. Suppose 22 = 2*q - q + 5*a, z*a + 31 = q. What are the prime factors of (0 - q/6)*-2?
3
Suppose -5*k + 9 = -k - 3*s, 0 = 5*k - 3*s - 9. Suppose -d + 4*d - 24 = k. What are the prime factors of d?
2
Suppose 54 = -2*a + 4*h, 0 = 4*h - 12. What are the prime factors of 0/3 - a - -1?
2, 11
Let t be (-3 - -4) + 0 - -1. Suppose -t*h + 18 = -10. What are the prime factors of h?
2, 7
Let y(n) = 2*n**2 - 24*n + 10. List the prime factors of y(16).
2, 3, 23
Let j be (6/15)/((-2)/70). Let h be 66/14 - 4/j. Suppose -2*x + 0*x = -2*y + 14, -26 = -4*y + h*x. List the prime factors of y.
3
Suppose 0*r - 82 = -5*r - c, -5*r + 76 = -2*c. Let x be 4/(2 + -1*1). Suppose -3*n + r = m, -n - 4*m - 9 - x = 0. What are the prime factors of n?
7
Suppose 5*j = -5 + 20. Suppose 3*i - 9 = 0, -5*d + 114 + 10 = j*i. What are the prime factors of d?
23
Suppose 0 = -t - t + 452. List the prime factors of t.
2, 113
Suppose 2*n = 4 - 12. Suppose z - 1 = 3. Let d = z - n. List the prime factors of d.
2
Let x be (1*-7)/(1/3). List the prime factors of ((-3)/(-3))/((-3)/x).
7
Suppose -5*m + 53 = -2. List the prime factors of m.
11
Let k = 87 + -61. What are the prime factors of k?
2, 13
Suppose -4*f + 195 = -337. What are the prime factors of f?
7, 19
Let h = -64 + 127. List the prime factors of h.
3, 7
Let v(n) = -n**3 - 5*n**2 + 6*n + 3. What are the prime factors of v(-6)?
3
Let y(p) = 7 - 9 - 11*p + 29*p. What are the prime factors of y(2)?
2, 17
Let g(m) = -5*m**3 - 3*m**2 + 1. Let h(d) = -d**2 + 5*d + 4. Let p be h(6). What are the prime factors of g(p)?
29
Let o(s) = -s - 5. Let y be o(0). Let l = 10 + y. What are the prime factors of l - 1 - (-6)/3?
2, 3
Let y(h) = -8*h + 6. Let k be y(-8). Suppose p = -4*f + 61, -k = -5*f - 2*p + 7. What are the prime factors of f?
3, 5
Let w = 31 + -15. Suppose -7*g = -3*g + w. What are the prime factors of (6/g)/((-3)/12)?
2, 3
Let l(h) be the third derivative of h**6/120 + h**5/60 + h**4/24 - h**3 + 2*h**2. Let i be l(0). What are the prime factors of 4/i + (-64)/(-6)?
2, 5
Let c(w) = -2*w + 27. What are the prime factors of c(0)?
3
Let j(r) = 5*r + 102. What are the prime factors of j(0)?
2, 3, 17
Let w be (-15)/(-2)*(-48)/(-10). What are the prime factors of 12/w + 122/3?
41
Let g be (0 + -1)/(2/(-4)). Suppose -g*s - 9 = -s. List the prime factors of 2/s + (-141)/(-27).
5
Suppose -c + 17 = 5. Suppose -5*p + 16 = -p. Suppose -2*z + 4*m = -c, p*z + m + 10 - 61 = 0. What are the prime factors of z?
2, 3
Let h = 0 - -9. Suppose 4*t - 16 = 0, 2*c = c + 5*t + h. What are the prime factors of c?
29
Suppose -4*y - 1800 = -13*y. What are the prime factors of y?
2, 5
Suppose 149 = 3*l - 4*g, 0*l + g + 96 = 2*l. List the prime factors of l.
47
Let m = 278 - 151. List the prime factors of m.
127
Let o(l) = -10*l - 1. Let d be o(-3). Let n = d + -7. List the prime factors of n.
2, 11
Suppose 5*r - 35 = 5*o, -2*o - 15 = -5*r + 11. Suppose -r*z + 134 = 50. What are the prime factors of z?
3, 7
Suppose 5 = 5*g, 2*g + 5 = -2*q + 3*q. Suppose q*f - 2*f = 10. What are the prime factors of f?
2
Let l = -128 + 261. What are the prime factors of l?
7, 19
List the prime factors of 7/(-14) + 1/(-4)*-694.
173
Let i(n) = -n**3 - 8*n**2 - 8*n - 3. Let u = -5 + 8. Suppose u*t - 5*f = -11, 3*f + 41 = -5*t - 0. List the prime factors of i(t).
2
Let s(d) = -116*d - 7. What are the prime factors of s(-2)?
3, 5
Suppose 12 = v - 5. What are the prime factors of v?
17
Let r(h) = h. Let v = 14 - 8. Let z be r(v). Suppose -z = -q + 2. What are the prime factors of q?
2
Let p(i) = -12*i**2 - 6*i + 5. Let o(t) = 11*t**2 + 7*t - 6. Let b(r) = -6*o(r) - 7*p(r). List the prime factors of b(1).
19
Suppose -1 = -2*p + 11. What are the prime factors of (p/5)/((-3)/(-20))?
2
List the prime factors of ((-2)/(-5))/(((-77)/(-455))/11).
2, 13
Let j(g) = g**2 - 5*g + 4. Let i be j(3). Let d be i - -1 - 0 - -5. Suppose -5*z = -d*s - 35, 3*s + 0 + 15 = 0. List the prime factors of z.
3
Let t = -13 - -11. List the prime factors of 31 - ((-1 - -1) + t).
3, 11
Let a be (2/(-4))/((-1)/(-10)). Let w be 2/(-8) - a/20. Suppose -4*d - 9 + 25 = w. List the prime factors of d.
2
Suppose 0 = 3*m - 9 + 3. Suppose -3*t + 13 = -m*w + 4*w, 4*w + 2*t = 22. What are the prime factors of w?
5
List the prime factors of (-3)/(1/(60/(-9))).
2, 5
Suppose 0*o + 5*g = o - 20, -4*o + 5*g = -20. Suppose -h - 4*h + 40 = o. List the prime factors of h.
2
Let i be 2/2*-1 - -4. Suppose -5*h + 0*h = 0. Suppose h*l - i*l = -18. What are the prime factors of l?
2, 3
Let p(z) = 34*z**2 + z - 1. Suppose -j = -3*f + 1 + 4, 3*j + 2 = -4*f. What are the prime factors of p(f)?
2, 17
Let a(p) = -82*p**3 - p**2 + p + 1. Let d be a(-1). What are the prime factors of 1683/d - 4/(-18)?
3, 7
Let p(y) = 3*y**3 - 2*y**2 - 3*y + 2. Let l be 5 - 3 - (-21)/(-3). Let n be (-3)/15*2*l. List the prime factors of p(n).
2, 3
Let v(l) = 1 + 5*l - l + 3*l. What are the prime factors of v(2)?
3, 5
Let g = -6 - -6. Suppose 0 = 3*z - y - 14, g = -4*z + 4*y + 8. What are the prime factors of z*1 - 0/(-5)?
2, 3
Let p(o) = o**2 + 12*o + 2. Let t be p(-12). Suppose -5*r - 4*l = -100, -t*l = -5*r + l + 65. List the prime factors of r.
2
Let w be 26 + -1 + (-3)/(-3). Suppose -5*c + 24 = -w. What are the prime factors of c?
2, 5
List the prime factors of 6968/88 - 4/22.
79
List the prime factors of 11 + -7 - 1*-59.
3, 7
Suppose -2*p + w - 5 = -2*w, 0 = -5*p - 5*w + 50. Suppose p*c - c + 2*u = 64, -11 = -c + 2*u. List the prime factors of c.
3, 5
Let n = 8 - -16. What are the prime factors of n?
2, 3
Suppose 0*u - 1211 = -7*u. List the prime factors of u.
173
Suppose -142 = -2*y + 144. Suppose -i + y = 4*b, -15 = -b - 2*i + 26. What are the prime factors of b?
5, 7
Suppose 4*q + w - 3*w - 368 = 0, 2*q = 3*w + 180. List the prime factors of q.
3, 31
Suppose d - 4*f - 24 = f, -5*d - 3*f - 20 = 0. Let q be (-4)/(-3) - d/(-3). What are the prime factors of (3 - -2 - -2) + q?
2
Let r be (7/(-7))/((-1)/2). Suppose 75 = 4*i - c, 2*i = i - r*c + 12. Suppose -5*d - i = -3*w, 3*d - 14 = -w + 6. What are the prime factors of w?
11
Suppose -2*l + 35 = 5*n, 0*l - n = -5*l + 128. List the prime factors of l.
5
Suppose -2*m + 6 = -0. Suppose 21 = -m*d + 3. Let p(w) = -2*w + 8. What are the prime factors of p(d)?
2, 5
Suppose -v - 13*v + 3304 = 0. What are the prime factors of v?
2, 59
Suppose 4*g - 4*c = 160, 5*g - 2*c - 166 = g. Let u = g + -16. List the prime factors of u.
3
Suppose 0 = 2*d + 2*v + v - 53, 0 = -2*d + 5*v + 13. List the prime factors of d.
19
Let a(c) = 4*c**2 + 3 - c - 3*c**2 + c**3 - 2. Let n = -8 - -9. List the prime factors of a(n).
2
Suppose 0*f + f + 232 = 3*x, 4 = -f. Suppose -5*p + p + x = 0. What are the prime factors of p?
19
Suppose -176 - 1 = -3*h. What are the prime factors of h?
59
Let d = 21 - 9. Let b = 17 - d. What are the prime factors of b?
5
Suppose -4*x + 4*v - 48 = -0*v, 5*x + 45 = 2*v. Let r = -1 - x. Suppose -3*i - 15 + r = 0, -i + 1 = o. List the prime factors of o.
2
What are the prime factors of (4/(-8) + 4)*10?
5, 7
Suppose 11*u + 2420 = 21*u. What are the prime factors of u?
2, 11
Let u